se 3*r - 5*w - h = -0*r, 3*w = -6. Let j = r - 0. Calculate the highest common divisor of 6 and j.
2
Let r(p) = p**3 - 8*p**2 + 7*p + 9. Let q be r(7). Suppose 57 - q = u. Calculate the highest common divisor of u and 16.
16
Let y = 144 - 49. Calculate the highest common divisor of 19 and y.
19
Suppose 4*s + 0*s - 324 = 0. Suppose 0 = 2*z - 5*z + s. Suppose 5*p + 20 = o + 4*o, 5*p - 34 = -o. Calculate the greatest common factor of o and z.
9
Let n be 115 + -2 - (-2 + 5). Suppose -2*a - 3*a = -n. Suppose 0 = -4*j + 5*j - 198. Calculate the highest common divisor of j and a.
22
Let r(a) = a**2 + 6*a - 18. Let g be r(-9). What is the greatest common divisor of g and 72?
9
Let g be (-327)/(-2)*(-7 - -5). Let l = g - -514. What is the greatest common factor of 17 and l?
17
Let l(g) = -g**3 - 8*g**2 - 6*g - 1. Let o be l(-7). Let w be (8/o)/(1/(-19)). What is the greatest common divisor of w and 19?
19
Let w(h) = 2*h**2 + 4*h**2 + 0*h**2 + h**3 + 4*h + 1 - 4. Let i be w(-5). What is the highest common factor of 14 and i?
2
Let n be -1*(20 + 0)*(1 + -5). What is the highest common factor of n and 32?
16
Let o be 105/20 - (-1)/(-4). What is the highest common factor of 5 and o?
5
Let u = -1 - -4. Suppose u*q - 176 = q. Suppose -3*f - 2*f - 20 = 0, f - 12 = -2*p. What is the highest common factor of p and q?
8
Suppose 0 = 3*n + y - 95, 4*y = -2*n + y + 75. Calculate the highest common divisor of 45 and n.
15
Suppose 0*i - 5*i + 20 = 0. Suppose i*n + 17 = -5*b, -2*n + 2*b = -2*b + 2. Let r(g) = -2*g - 3. Let a be r(n). Calculate the highest common divisor of a and 1.
1
Suppose -t = u - 34 - 1, 5*u = -3*t + 181. What is the greatest common divisor of 95 and u?
19
Suppose -2*s = 2*s - 132. Suppose 4*q = -2*m + 86, 5*q + 2*m = 139 - 31. What is the greatest common factor of s and q?
11
Suppose 3*t - 2*t = 1. Let k(z) = 8*z - 12. Let f be k(2). What is the highest common divisor of t and f?
1
Let d = 68 - 41. Suppose 0*m + d = 3*m. What is the highest common factor of m and 9?
9
Suppose -3*f - 2 + 62 = 0. Suppose 0 = h - a - 8, 5*a - 2 = h - 26. Suppose -h*q + 172 + 388 = 0. Calculate the highest common factor of q and f.
20
Let r be (-2)/(1*3/(-6)). Suppose 0*w = 5*w + 3*m - 351, 0 = -4*w + r*m + 300. Calculate the greatest common divisor of 8 and w.
8
Let t(w) = 4*w + 1. Let h be t(0). Let f = 8 + -6. Suppose -4*z = z - 2*j - 35, f*j = z - 7. What is the greatest common factor of h and z?
1
Suppose 20 = 5*x - x. Suppose 4*w = 2*y - 86, -6*y + x*w + 195 = -y. Let p be -1*7*(-2 - -1). What is the greatest common factor of p and y?
7
Let y be -10*(-4)/10 - -6. What is the highest common factor of 110 and y?
10
Suppose -15*n + 1230 = -1335. What is the greatest common factor of 19 and n?
19
Suppose 0*b = 2*b - 66. Calculate the greatest common divisor of b and 3.
3
Suppose 3*g + 0*a - 4*a = 513, -g + 4*a = -163. Calculate the greatest common factor of g and 25.
25
Suppose -6*q + 15 = v - 3*q, -44 = -4*v + 4*q. Let u be (0 - -1) + 0 + 1. Calculate the highest common factor of v and u.
2
Let l(d) = 2*d**2 + 6*d - 6. Let k be l(-7). Calculate the greatest common divisor of 20 and k.
10
Suppose 3*b - 12 - 1 = -5*t, -3*t + b = -19. Let d(a) = -a**3 - 3*a**2 + 2*a. Let g be d(4). Let j = 149 + g. Calculate the greatest common divisor of j and t.
5
Let k(t) = -t**2 - 8*t - 2. Let s be k(-7). Let m = s - -11. Suppose -y + m = -0*y. What is the highest common factor of y and 128?
16
Suppose -145*b + 149*b - 396 = 0. Calculate the highest common factor of 18 and b.
9
Suppose -3*c + 8*c + 10 = 0. Let w = c + 5. Suppose -w*m + 33 = -0*m. Calculate the greatest common factor of m and 55.
11
Let u = 18 + -4. Calculate the greatest common divisor of 7 and u.
7
Let d be (-6)/(-12)*-1*-16. Suppose -4*m = -m - 96. Calculate the highest common divisor of m and d.
8
Suppose 0 = -4*h - 2*q + 28, -2*h - 2 = -2*q - 4. Suppose 3*j - h*j = -14. Calculate the highest common divisor of 77 and j.
7
Let l be 9/6 + 636/8. Calculate the greatest common factor of 9 and l.
9
Let p be (-18)/(-4) - 3/6. Let n be 5/3 + p/(-6). Let q be 2*(1 - n - -11). What is the highest common divisor of q and 33?
11
Suppose -105 + 20 = -5*z. Let w(r) be the first derivative of r**3 - r**2 - 5*r + 2. Let x be w(-4). What is the highest common divisor of z and x?
17
Let p(c) = 4*c**3 + 1 + 5*c - 13 - 5*c**3 + 8*c**2. Let q be p(8). What is the greatest common divisor of 4 and q?
4
Suppose 0 = -m + 9 - 3. Let f be m - (0 + 1 + 0). What is the highest common divisor of f and 5?
5
Suppose -k - 5*a - 28 = 0, 0 = -2*k + a - 1. Let l = -1 - k. Calculate the highest common divisor of 18 and l.
2
Let j be (-390)/20*(-4)/6. What is the highest common divisor of 104 and j?
13
Let h = -7 - -12. Let d(b) = -5*b**3. Let q be d(-1). What is the highest common factor of h and q?
5
Let c be 4/18 + (-3512)/(-72). Let o be 1/(-2)*(-2)/(-1). Let d be ((-3)/(-6))/(o/(-14)). What is the highest common divisor of d and c?
7
Suppose -c + 43 = 3*r, 0 = 4*r + 3*c + 2*c - 72. Calculate the highest common divisor of 13 and r.
13
Suppose h + 13 = -4*s, -5*h - 12 - 7 = -3*s. Let f = 4 + s. Let z = -18 + 34. Calculate the highest common factor of z and f.
2
Let c(g) = 62*g**2 + g - 1. Let q be c(-1). Calculate the highest common factor of q and 12.
12
Let i(q) be the second derivative of -q**3/6 - 11*q**2/2 - q. Let v be i(-7). Let m = v + 8. Calculate the greatest common divisor of 12 and m.
4
Let a be 160/(-60)*2*9/(-4). Let x(q) = -37*q - 1. Let t = 3 + -4. Let o be x(t). What is the greatest common factor of o and a?
12
Let c(b) = -6*b - 17. Let v be c(-5). Calculate the highest common factor of 130 and v.
13
Let q = -76 - -116. Suppose -5*z = 3*g - 128, -2*z - 5*g + q = 4. What is the highest common factor of 14 and z?
14
Let q(o) = 2*o**2 - 4*o - 1. Let t be q(3). Suppose g - t*g = -504. What is the greatest common divisor of 18 and g?
18
Let u be (-5 - (0 - 4))*-32. Let h(v) = -6 - 3*v**2 + v**2 + 0*v**2 - 3*v + 4*v**2. Let q be h(6). Calculate the greatest common factor of u and q.
16
Let b(v) = -4 - 3 + v**2 - v + 2*v. Let z be b(5). Suppose -2*y + 5*s + 105 = -y, 3*s = 6. What is the greatest common factor of z and y?
23
Let o(t) = -t**2 + 7*t - 3. Suppose -3*u + 50 = 2. Suppose 0 = 5*g - 9 - u. Let q be o(g). Calculate the greatest common factor of 7 and q.
7
Let u = -9 - -11. Suppose 0*w + 2*w = 2*o - 8, -4*w + 24 = 4*o. What is the greatest common factor of u and o?
1
Let h(t) = 2*t**2. Let u be h(1). Suppose -18 + 62 = u*n. What is the highest common divisor of n and 33?
11
Let i(f) = 6*f - 4. Let b be i(3). Let a(r) = 2*r**2 - 9*r - 35. Let k be a(-7). What is the greatest common factor of k and b?
14
Suppose 3*n - n + 62 = 0. Let k = n + 46. Let v be -1*3 + (5 - -3). What is the greatest common factor of k and v?
5
Let r be 2/((-2)/(-10)*1). Calculate the greatest common factor of 10 and r.
10
Suppose z + 2*t = -2, -4*z - 6 - 2 = -t. Let a be (-12 + 10)/(z/8). What is the highest common divisor of 12 and a?
4
Let i be ((-10)/(-8))/((-5)/(-20)). Calculate the greatest common divisor of 95 and i.
5
Suppose -2*w = 2*m + 2*m + 6, -2*w = 2*m + 8. What is the greatest common divisor of m and 2?
1
Let d be (-531)/(-18) + 1/2. Calculate the highest common factor of d and 40.
10
Suppose -4*g = -3*g - 30. What is the greatest common divisor of 15 and g?
15
Suppose -q = -3*v + 81, -2*v - q = -3*q - 54. Suppose 1 = 5*u - 14. Calculate the greatest common factor of u and v.
3
Let f = -456 + 461. Let a(i) = 14*i - 1. Let d be a(4). What is the greatest common factor of f and d?
5
Let y = -24 - -27. Let c be (4*-3)/(y/(-26)). Calculate the greatest common factor of c and 26.
26
Let s = -12 - -15. Let j = 5 + -4. Calculate the highest common factor of j and s.
1
Let i be (-1 + (-20)/(-8))*2. Let p be i - 2/(8/(-212)). Calculate the highest common factor of 8 and p.
8
Let z(d) = -d**2 - 6*d - 4. Let j be z(-4). Calculate the highest common factor of j and 100.
4
Let r be (12 - 2)*3/2. Let b be ((-15)/(-3) - 3)*5. Let y be b/4*(21 - 3). What is the greatest common divisor of y and r?
15
Suppose 81 = 3*p + 3*c, 0*p + 2*c - 147 = -5*p. What is the greatest common divisor of 155 and p?
31
Let b = 17 + -12. Suppose -2*c = -b*z + 33, 2*c = 2